ors of 11146736?
2, 173, 4027
List the prime factors of 901530899.
901530899
List the prime factors of 1039322876.
2, 19, 1249, 10949
List the prime factors of 1619718616.
2, 202464827
List the prime factors of 673509036.
2, 3, 19, 155473
List the prime factors of 395181398.
2, 197590699
List the prime factors of 87845170.
2, 5, 7, 19, 257
List the prime factors of 146214696.
2, 3, 97, 181, 347
What are the prime factors of 487869430?
2, 5, 2579, 18917
List the prime factors of 632244951.
3, 13, 101, 53503
List the prime factors of 13553015.
5, 7, 593, 653
List the prime factors of 118952345.
5, 29, 820361
What are the prime factors of 139140961?
23, 6049607
What are the prime factors of 302337087?
3, 13, 353, 21961
What are the prime factors of 115276370?
2, 5, 11, 619, 1693
List the prime factors of 115846267.
271, 427477
List the prime factors of 11146720.
2, 5, 13, 23, 233
List the prime factors of 481912312.
2, 7, 8605577
What are the prime factors of 66724443?
3, 47, 233, 677
List the prime factors of 198093749.
7, 73, 387659
What are the prime factors of 1407325633?
7, 23, 8741153
What are the prime factors of 37101849?
3, 1889, 6547
What are the prime factors of 1572241585?
5, 127, 2475971
What are the prime factors of 3237316982?
2, 373, 4339567
What are the prime factors of 4969701559?
4969701559
What are the prime factors of 538053748?
2, 134513437
List the prime factors of 41421688.
2, 7, 11, 6113
What are the prime factors of 2715137162?
2, 2803, 484327
List the prime factors of 32004015.
3, 5, 2133601
List the prime factors of 1176085618.
2, 97, 1913, 3169
What are the prime factors of 79478699?
31, 151, 16979
What are the prime factors of 2714998961?
2714998961
List the prime factors of 196011707.
196011707
What are the prime factors of 80530569?
3, 7, 19, 1373
What are the prime factors of 30433367?
191, 159337
What are the prime factors of 4903841?
4903841
What are the prime factors of 3901142396?
2, 19, 51330821
What are the prime factors of 1088520567?
3, 362840189
List the prime factors of 236346190.
2, 5, 23634619
What are the prime factors of 838367436?
2, 3, 557, 125429
List the prime factors of 477667875.
3, 5, 1273781
List the prime factors of 2638060405.
5, 527612081
List the prime factors of 342816607.
7, 137, 357473
List the prime factors of 360495201.
3, 11, 29, 163, 2311
What are the prime factors of 869415601?
14951, 58151
List the prime factors of 1226822695.
5, 7, 59, 594103
What are the prime factors of 200361988?
2, 50090497
List the prime factors of 98894165.
5, 193, 102481
What are the prime factors of 4259834496?
2, 3, 31, 39761
List the prime factors of 31552634.
2, 15776317
List the prime factors of 37755840.
2, 3, 5, 67, 587
What are the prime factors of 13481826?
2, 3, 2246971
What are the prime factors of 4788263?
59, 81157
List the prime factors of 135447580.
2, 5, 19, 356441
What are the prime factors of 298168091?
13, 1637, 14011
What are the prime factors of 836334167?
836334167
What are the prime factors of 30208238?
2, 15104119
What are the prime factors of 2422209051?
3, 23, 233, 50221
What are the prime factors of 88135185?
3, 5, 1831, 3209
List the prime factors of 67480782.
2, 3, 181, 62137
What are the prime factors of 114265885?
5, 1091, 20947
List the prime factors of 82857587.
733, 113039
List the prime factors of 743684321.
59, 213641
List the prime factors of 80704463.
7, 521, 22129
List the prime factors of 292443629.
139, 2103911
List the prime factors of 127126621.
89, 1428389
What are the prime factors of 120067157?
7, 17152451
List the prime factors of 39888533.
39888533
List the prime factors of 731621920.
2, 5, 383, 11939
What are the prime factors of 2272328926?
2, 7, 162309209
What are the prime factors of 96092239?
96092239
What are the prime factors of 183040920?
2, 3, 5, 173, 2939
What are the prime factors of 133310863?
7, 317, 60077
List the prime factors of 32107873.
7, 97, 47287
List the prime factors of 291983367.
3, 13, 23, 163, 1997
List the prime factors of 1242757835.
5, 11, 43, 157, 3347
List the prime factors of 31358071.
41, 47, 16273
List the prime factors of 67671786.
2, 3, 7, 13, 123941
List the prime factors of 380394689.
619, 614531
What are the prime factors of 4374840839?
19, 257, 895933
What are the prime factors of 2878175626?
2, 1439087813
List the prime factors of 479433385.
5, 1409, 68053
What are the prime factors of 40437935?
5, 1907, 4241
What are the prime factors of 278172126?
2, 3, 41, 376927
What are the prime factors of 55320178?
2, 4783, 5783
What are the prime factors of 472827342?
2, 3, 13, 719, 8431
What are the prime factors of 5711532507?
3, 23504249
List the prime factors of 838359547.
191, 1867, 2351
List the prime factors of 906721694.
2, 191, 1171, 2027
List the prime factors of 27797165.
5, 11, 229, 2207
List the prime factors of 43350584.
2, 23, 235601
What are the prime factors of 315090614?
2, 17, 9267371
What are the prime factors of 329209860?
2, 3, 5, 7, 67, 11699
What are the prime factors of 3944862786?
2, 3, 463, 1420037
List the prime factors of 260493959.
11, 71, 333539
List the prime factors of 4634319.
3, 17, 89, 1021
What are the prime factors of 685026749?
11, 53, 1175003
What are the prime factors of 1430551991?
11, 29, 53, 191, 443
What are the prime factors of 40060414?
2, 20030207
List the prime factors of 21608653.
11, 233, 8431
What are the prime factors of 4108825444?
2, 29, 769, 46061
List the prime factors of 687121239.
3, 7, 2521, 12979
What are the prime factors of 3368022375?
3, 5, 59, 191, 797
What are the prime factors of 44272984?
2, 7, 790589
What are the prime factors of 2018575387?
113, 17863499
What are the prime factors of 2517052265?
5, 7, 13, 19, 23, 12659
What are the prime factors of 103703393?
2213, 46861
What are the prime factors of 1887816253?
14563, 129631
What are the prime factors of 137317789?
7, 17, 229, 5039
What are the prime factors of 50790061?
7, 7255723
List the prime factors of 16368089.
79, 207191
List the prime factors of 30133243.
7, 23, 187163
List the prime factors of 96062183.
7, 79, 271, 641
What are the prime factors of 1223113546?
2, 97, 64997
List the prime factors of 147060482.
2, 23, 1181, 2707
List the prime factors of 330113415.
3, 5, 53, 521, 797
List the prime factors of 3148712858.
2, 197, 7991657
List the prime factors of 176446232.
2, 599, 36821
What are the prime factors of 5562612699?
3, 7, 29, 9134011
What are the prime factors of 1894099683?
3, 7, 19, 73, 65029
List the prime factors of 1398397948.
2, 19, 18399973
What are the prime factors of 49766436?
2, 3, 29, 73, 653
What are the prime factors of 406019710?
2, 5, 31, 59, 79, 281
List the prime factors of 1401498043.
11, 2861, 44533
What are the prime factors of 721081864?
2, 757, 119069
List the prime factors of 106780949.
11, 9707359
List the prime factors of 210196393.
11, 19108763
What are the prime factors of 107327365?
5, 61, 293, 1201
List the prime factors of 1683835480.
2, 5, 19, 2215573
What are the prime factors of 2173570706?
2, 29, 37475357
What are the prime factors of 3265047725?
5, 199, 656291
List the prime factors of 550892012.
2, 11, 2969, 4217
List the prime factors of 776458060.
2, 5, 7, 5546129
What are the prime factors of 5044976596?
2, 11, 19, 97, 62213
List the prime factors of 20658879.
3, 109, 21059
List the prime factors of 980946674.
2, 7951, 61687
List the prime factors of 613440557.
163, 1409, 2671
List the prime factors of 4114316844.
2, 3, 11, 10389689
List the prime factors of 2597281179.
3, 383, 991, 2281
What are the prime factors of 321716742?
2, 3, 53619457
What are the prime factors of 81168506?
2, 17, 29, 191, 431
What are the prime factors of 75961294?
2, 137, 277231
What are the prime factors of 6722062320?
2, 3, 5, 31, 37, 24419
List the prime factors of 459527209.
459527209
What are the prime factors of 715182113?
715182113
What are the prime factors of 443195498?
2, 107, 2071007
What are the prime factors of 150641008?
2, 7, 1345009
List the prime factors of 87945015.
3, 5, 19, 109, 149
List the prime factors of 1468265835.
3, 5, 23, 193, 22051
What are the prime factors of 13692563?
71, 192853
What are the prime factors of 746102285?
5, 29, 61, 67, 12